/60 - h**4/4 + h**3/3 + h**2. Let v be w(-6). Suppose 0 = -v*f + 4 + 14. What are the prime factors of f?
3
Let s = -8 + 17. Suppose -s*b = -4*b - 30. What are the prime factors of b?
2, 3
Let u(k) be the first derivative of 9*k**4/4 + k**2/2 + 3. List the prime factors of u(1).
2, 5
Let o(d) = d**3 - 6*d**2 - d - 24. List the prime factors of o(7).
2, 3
Suppose 4*r - 2*r - 24 = 0. Let z = 24 - r. Suppose -5*v + z = 2*k - k, 3*v + 4 = k. List the prime factors of k.
7
Let z(k) = 3*k. Let x be z(-2). Let f be 22/x*(-12)/4. Suppose 0 = s + c - 2, 9*s = 4*s - 4*c + f. What are the prime factors of s?
3
Let q = -62 - -262. What are the prime factors of q?
2, 5
Suppose 3*t = 3*o - 6 - 9, 4 = 2*o + t. Suppose 0*r + 30 = o*r. What are the prime factors of r?
2, 5
Let f(r) = -11*r + 2. What are the prime factors of f(-14)?
2, 3, 13
Let o(z) = -z**2 + 6*z - 2. Let g be o(5). Suppose g*m - 3*b = b + 75, b = -4*m + 119. Let r = m + -17. What are the prime factors of r?
2, 3
Let a = 10 - -24. List the prime factors of a.
2, 17
Let k = 22 - 14. List the prime factors of (-9)/6*k/(-3).
2
Let p(k) = -12*k + 1. Let y be p(-1). Let c = -6 + y. List the prime factors of c.
7
Suppose -4*l + 450 = l. Suppose -2*q = 3*q + l. Let o = -13 - q. What are the prime factors of o?
5
Let t = -172 - -264. List the prime factors of t.
2, 23
Suppose 4*d - 2*q = -3*q + 24, -5*q + 6 = d. Suppose 5*o = y - 23, 71 = -y + d*y - 3*o. List the prime factors of y.
13
Let n(o) = -o**2 + 10*o - 8. Let c be n(7). Suppose -3*i + c + 0 = j, 4*j - 5*i - 18 = 0. Let t = j + 6. What are the prime factors of t?
13
Let m be 1/(-3 - 39/(-12)). Suppose m*p = 16 + 36. Let v = -6 + p. What are the prime factors of v?
7
Suppose 0 = 2*z - 5*a - 11, 4*z + a = -3*a + 8. Suppose 5*g = z*g + 16. List the prime factors of g.
2
Let t(p) = -p**3 - 10*p**2 + 5*p + 6. Let r be t(-10). Let i = 88 + r. List the prime factors of i.
2, 11
Let t = -11 - -15. Suppose -2*n - 28 = -3*l, t = -4*n + 5*n. List the prime factors of l.
2, 3
Suppose -3*g - 9 = -0*g, 4*w - 3 = g. Suppose n + n - 20 = w. Suppose 0*d = -3*d - 6, -4*m + d + n = 0. What are the prime factors of m?
2
Let z(v) be the second derivative of v**4/12 + v**3/6 - 6*v. Let p be (9 + -1)*(-2)/4. List the prime factors of z(p).
2, 3
Suppose 0 = -2*r - 2*k - 6, -7*r - 2*k - 21 = -2*r. Let v(m) = m**2 + 12. List the prime factors of v(r).
37
Suppose 0 = 5*q + 4*l - 344, 0*l + 5*l - 141 = -2*q. Let h = 95 - q. List the prime factors of h.
3
Let f(r) = -r**2 + 8*r + 5. Suppose 3 - 7 = -2*u. Suppose a - 5 = u. What are the prime factors of f(a)?
2, 3
Let s = -5 + 2. Let n be (s/(-9))/(2/12). What are the prime factors of n/7 - (-61)/7?
3
Let l = -5 + 8. Suppose -d = -l*o - 1, o - 4*d = -o - 4. Suppose 3*x - 60 = -o*z - 5*z, 0 = 4*x. What are the prime factors of z?
2, 3
Let a be 3 + 1 + -2 - -2. Suppose -3*n + 4*w + 94 = 0, -a*n + w + 71 = -2*n. List the prime factors of n.
2, 19
Let n = -8 + 12. Suppose n*f - m = -0*m + 21, f - m = 3. What are the prime factors of f?
2, 3
Let j = 43 + -62. Let p = j - -10. What are the prime factors of 6 + p + 18/2?
2, 3
What are the prime factors of (-2 + -25 - 3)/(-2)?
3, 5
Suppose 0 = -4*f + a - 61, -f = -3*f - 3*a - 41. Let b be 36/16*f/(-6). Let j = b + -4. What are the prime factors of j?
2
Let b = 14 - 10. List the prime factors of b + (1 + -2)*-2.
2, 3
Let a(o) = 2*o + 8. Let d be a(7). Suppose 4 = -6*w + d. What are the prime factors of w?
3
Let o(u) = -2*u**3 - 5*u**2 + 3*u - 48. Let s(f) = f**3 + 3*f**2 - 2*f + 24. Let m(h) = -3*o(h) - 5*s(h). List the prime factors of m(0).
2, 3
Suppose -5*s = -4*s - 11. Suppose b = -0*b + s. List the prime factors of b.
11
Suppose -l = -0*l. Suppose -2*d - f - 24 = 0, l = 2*d + f - 2*f + 24. List the prime factors of ((-6)/(-8))/((-3)/d).
3
Suppose -4*c = -2 - 18. Let h(u) = 6*u - 5. Let k be h(9). Suppose i + 33 = c*z - 21, -4*z = 5*i - k. List the prime factors of z.
11
Let m be (-4)/(-20) + 18/10. Suppose 0 = 6*o - m*o - 16. List the prime factors of o.
2
What are the prime factors of 30/1 - (-4)/(-1)?
2, 13
Let a(x) = -x**2 - 10*x - 10. Let d = -82 - -58. Let c be (d/15)/((-2)/(-10)). What are the prime factors of a(c)?
2, 3
Suppose 4*z - 5*z = -5*p + 280, 0 = -3*z. Suppose -82 = -3*u + p. List the prime factors of u.
2, 23
Suppose n - 14 = -t, t - 32 = -3*t + 2*n. List the prime factors of t.
2, 5
Suppose -q - 4 = -3*q. Suppose -q = c - 6. Suppose c*s = 35 + 5. List the prime factors of s.
2, 5
Let u(z) = -3*z**2 - 14*z + 13. Let y(v) = 8*v**2 + 41*v - 39. Let a(f) = -11*u(f) - 4*y(f). What are the prime factors of a(10)?
13
Suppose -5 + 21 = -4*v. Let n = 1 - v. Suppose n*i - 4 = 6. List the prime factors of i.
2
Let o(j) = 2*j**3 - 3*j**2 - 1. Suppose 0 = 4*y - y - 9. What are the prime factors of o(y)?
2, 13
Suppose 3*c - 12 = 12. Suppose -u + c = -8. What are the prime factors of u?
2
Let u be 28/12 - (-2)/3. Suppose -u = -b + 1. Suppose -5*a - b*x - 5 = 5, 15 = -3*x. What are the prime factors of a?
2
Let f(q) = 3*q - 3. Let l be f(2). Let d be (1 - 3/l) + 2. What are the prime factors of d*6 - 0/7?
2, 3
Let s(v) = v**3 + 6*v**2 - 5*v - 4. What are the prime factors of s(-5)?
2, 23
Let x = 548 + -290. List the prime factors of x.
2, 3, 43
Suppose 0*m - 5*s + 8 = m, s - 40 = -5*m. Let r(d) = -d**3 + 8*d**2 + d + 6. List the prime factors of r(m).
2, 7
Let b(s) = s**3 - 6*s**2 - s - 10. What are the prime factors of b(7)?
2
Let y(o) = o + 6. Let n be y(-6). Let k(u) = 3 - u - 2 + 4 + 3 + u**2. What are the prime factors of k(n)?
2
Suppose -2*d + 8 = 2*d. Suppose 3*c - 8 = -d, 0 = u + c - 9. List the prime factors of u.
7
Suppose -597 = -3*l + 2*k - 144, -3*l + 4*k + 459 = 0. List the prime factors of l.
149
What are the prime factors of (-4)/12*3*-3 + 31?
2, 17
Suppose 0 = -5*p + 4*q - 63 - 32, -3*p - 4*q - 25 = 0. Let d = 24 + p. List the prime factors of d.
3
Let x(q) = -q**3 + 13*q**2 - 16*q + 12. Let c be x(11). Suppose -5*o = 4*d - c, 3*d = o - 6*o + 56. What are the prime factors of d?
2, 11
Let f(a) = 3*a**2 + 2*a + 1. Let v be (-2)/3 - 1/3. Let i be f(v). Suppose -59 = -5*h - 2*x, i*h - 7*h - x + 57 = 0. What are the prime factors of h?
11
Let n(o) = -o + 5. Let v be n(0). Let i be (1/(-3))/(1/(-3)). Suppose 27 = z - v*f, -z + 7 - i = 2*f. List the prime factors of z.
2, 3
Let x = -12 + 6. Let o = -4 - x. What are the prime factors of o?
2
Suppose 75 = 4*a + 23. Suppose 0*r + r = a. List the prime factors of r.
13
Let q = -4 - -3. List the prime factors of (22/6 + q)*3.
2
Suppose c - 19 = -c + a, 4*a = -2*c + 34. What are the prime factors of c?
11
Suppose 4*f - 5*s = -70 + 306, -4*s + 118 = 2*f. What are the prime factors of f?
59
Let x(k) = 7*k + 13. Let c(u) = 7*u + 10. Let q(n) = -36*n - 51. Let r(h) = 21*c(h) + 4*q(h). Let p(w) = 9*r(w) - 4*x(w). List the prime factors of p(-4).
2, 3
Suppose -11*k + 15*k = 316. What are the prime factors of k?
79
Suppose 3 = -4*v + 11. Suppose -2*d + 5*d = 3*n + 60, 4*n - 10 = -v*d. What are the prime factors of d?
3, 5
Let i(j) = j**3 - 4*j**2 + j - 2. Let c be i(3). Let l(v) = -3*v - 5. What are the prime factors of l(c)?
19
List the prime factors of 1/((-6)/27 + 285/1161).
43
Let b = 485 + -232. List the prime factors of b.
11, 23
Suppose -4*w - 3*x = 2 - 0, 6 = -5*w - 2*x. Let o = w - -15. What are the prime factors of o?
13
Let r = -168 + 175. What are the prime factors of r?
7
Let c(x) = -2*x - 5. Let v be c(-5). Let u(w) = -w**3 + 6*w**2 - 4*w - 1. What are the prime factors of u(v)?
2
List the prime factors of -1 - 2575/(-55) - 4/(-22).
2, 23
Suppose 32 = 2*j + 2*j. What are the prime factors of j?
2
Let w = -324 - -496. What are the prime factors of w?
2, 43
Let f(v) = v**3 - v**2 - v + 4. What are the prime factors of f(3)?
19
Let n be 0/(-1 + 0) - -2. Let l(d) = 4*d**3 + 10*d**2 + 6*d - 5. Let o(w) = w**3 + 2*w**2 + w - 1. Let s(r) = n*l(r) - 11*o(r). List the prime factors of s(-2).
3, 5
Suppose -3*p = -0*p - 102. List the prime factors of p.
2, 17
Let z(s) = 12*s**3 - s. Let w be z(1). Let k = 21 - w. List the prime factors of k.
2, 5
Suppose 3*i - 7 = -0*s - s, -s = -5*i + 9. Let w = i + 0. Suppose -10 - 12 = -w*a. List the prime factors of a.
11
Suppose 3*l = -2*q + 170, 6*l - 2*l - 228 = -3*q. List the p